te o(-5).
9
Let k(d) = 13*d**2 + 2*d + 17. Let z(h) be the first derivative of 7*h**3/3 + h**2/2 + 8*h + 9. Let u(r) = -6*k(r) + 11*z(r). Determine u(0).
-14
Let k(i) = -5*i**3 - 3*i**2 + 4*i + 1. Let c(n) = -2*n**3 + n. Let t(j) = -3*c(j) + k(j). What is t(2)?
-1
Suppose 0 = 2*d + 3*b - 2 - 3, 3*b + 5 = -4*d. Let c = d + 7. Let i(p) = 1 + p**3 - 2*p**2 + c - 6*p + p. What is i(3)?
-3
Suppose -2*p = -6, 10 = -8*t + 9*t + 5*p. Let y(w) = 3*w**3 + 20*w**2 - 20*w - 8. Let a(i) = -i**3 - 7*i**2 + 7*i + 3. Let k(r) = 8*a(r) + 3*y(r). What is k(t)?
-5
Suppose -4*k + 3 = -3*k. Suppose 2*h + 12 = 3*c, 0*h = c - 3*h + k. Let q(b) = 2*b - c - 1 - b. What is q(5)?
-2
Let y be 9*2*(-14)/(-21). Let c(l) = 5 + y + l - 20. Calculate c(3).
0
Let m(b) = b**3 - 5*b**2 + 2. Let q be m(5). Suppose 3*x = -3, 3*x = -5*k + q*k + 3. Let l(r) = -r**3 - 3 - 2*r + 0*r + 4*r**k - 5*r**2. Calculate l(-2).
5
Let p(n) = 2*n**2 - 28*n + 2. Let d be p(14). Let l(y) = 3. Let g(k) = -k - 1. Let u(r) = 3*g(r) + 2*l(r). Determine u(d).
-3
Let s = -1 - -2. Let g(m) = -8*m - 7978 + 4*m + 7977 + 3*m + 19*m. Calculate g(s).
17
Let n = 34 + -31. Let s(i) = 3*i**2 - 59*i - i**3 - n - 2 + 66*i. Determine s(4).
7
Let a(n) = -5*n + 1. Suppose 4*p = -x - 13, -x = 2*p - 0*x + 9. Let o be -1*(-1 + 0)*(1 - p). What is a(o)?
-14
Let g(k) = 2 - 3 - 3 + 3*k. Let f(a) be the second derivative of -a**3/2 - a**2 + 29*a. Let v be f(-2). Give g(v).
8
Let n(s) be the first derivative of -s**6/24 + s**5/60 - s**4/24 - s**3/6 + 15*s**2/2 + 11. Let k(f) be the second derivative of n(f). What is k(-1)?
6
Let w = -10 + 13. Suppose 0*k - 26 = -w*k + 4*v, 4*k - 33 = 5*v. Let g(q) = -3*q + 3. Calculate g(k).
-3
Let f(v) = -1 + 1 + 3*v + 1 + 4*v. Calculate f(-1).
-6
Let u(x) be the first derivative of 14*x**3/3 + x**2/2 + 11. Let z be ((-5 - -6)/(-1 - -2))/(-1). Calculate u(z).
13
Let t(p) = -5*p**3 - 3*p**2 - 5. Let h(j) = -j**3 - j**2 - 1. Suppose -l = z - 6*z - 40, -z = 4*l + 29. Let f(b) = z*h(b) + 2*t(b). What is f(2)?
3
Suppose y - 16 = -5*b - y, 9 = -3*b + 5*y. Let g(a) = -2 + 9 + b*a - 3 - 3*a. Calculate g(0).
4
Let r(q) = -q**3 + 4*q**2 + 2*q - 5. Let m(t) = -t**2 + 1. Let j(z) = -z**3 - 17*z**2 + 15*z - 10. Let b(y) = j(y) - 2*m(y). Let x be b(-16). Determine r(x).
3
Let k = 18 - 20. Let h be 1/((-1 - k)/(-4)). Let g(y) = y**2 + 2*y - 2. What is g(h)?
6
Let i(o) = 5*o**2 - o. Let x be i(1). Let g be 12 + x + (-6)/2. Let j(a) = 0 + 11*a**3 - 2*a - 3*a**2 - g*a**3 - 2. Determine j(-2).
6
Let b(a) = a**2 - 8*a + 7. Let t be b(6). Let v be 4/(-18) - 290/(-90). Let w(x) = -x - 7 - 5*x + 5*x - v. Determine w(t).
-5
Let z(f) = 9*f - 9. Suppose -r + 66 - 62 = 0. Let s(b) be the second derivative of -2*b**3/3 + 5*b**2/2 - 2*b. Let j(h) = r*z(h) + 7*s(h). Calculate j(1).
7
Let o(s) = -s + 7. Let b(i) = 1. Let m(q) = -4*b(q) - o(q). Calculate m(0).
-11
Let k(y) = -y**3 + 6*y**2 - 5*y - 12. Suppose 12*d + 25 = 17*d. Calculate k(d).
-12
Let u(l) = -l**3 + 4*l**2 - 2*l + 8. Suppose 0 = -502*r + 511*r - 36. Determine u(r).
0
Let s(d) = d**3 - 8*d**2 - d + 11. Let v be s(8). Let w = 4 + v. Let q(x) = -x**2 + 9*x - 6. Determine q(w).
8
Suppose -4*h - 12 = -2*h. Let i be (-4)/24 + (-37)/h. Let v(j) be the third derivative of j**6/120 - 7*j**5/60 + j**4/12 + j**3 - 25*j**2 + 2*j. Calculate v(i).
-18
Let q = -31 - 4. Let j = q + 40. Let h(l) = 2*l**3 + l**3 + 2 - 4*l**3 + 5*l**2. Give h(j).
2
Let d = -1/1732 + 112/6495. Let q(x) be the third derivative of 1/12*x**4 + 0*x + 1/3*x**3 - d*x**5 + 0 - 4*x**2. Give q(4).
-6
Let m(q) be the first derivative of 10 + 5/2*q**2 - 1/4*q**4 + 5/3*q**3 + 0*q. Let r(s) = 3*s - 9. Let o be r(5). Calculate m(o).
-6
Let p(a) be the second derivative of 3*a**3/2 - a**2/2 + 34*a + 2. Calculate p(1).
8
Let w(h) = h**2 - 3*h - 2. Suppose -21*t = -7 + 49. Give w(t).
8
Let a be 3 + ((-27)/(-33) - (-8)/44). Suppose 5*x = x - a. Let b(z) = -3*z**2 + z + 1. Give b(x).
-3
Let j(n) = 2*n - 15*n + 13 + 10*n + n. Give j(10).
-7
Let l(z) = z**3 + z. Let j(y) be the third derivative of y**6/24 - y**5/60 + 11*y**4/24 + y**3/2 + 12*y**2. Let w(d) = -j(d) + 6*l(d). Determine w(-3).
-6
Let s(m) = -m**2 - 8*m + 6. Let k(v) = v**2 - 6*v. Let b be k(4). Give s(b).
6
Let g(i) = -2*i**2 + 57*i - 112*i + 27 - 21 + 48*i. What is g(-6)?
-24
Let p(w) = w + 4. Let i = 64 - 61. Suppose s - 2*h + 21 = -4*s, i*s = 2*h - 11. Give p(s).
-1
Let n(w) = w**2 + 2*w - 4. Let i(v) = -2*v - 2. Suppose -4*l + 18 = -5*d, -5*l + 0 = 2*d - 6. Let m be i(l). Calculate n(m).
20
Let i = -282 - -289. Let w(a) = -a - 6. Calculate w(i).
-13
Let f(z) = -6*z - 15. Let q be (-12)/(-21) - (-75)/(-21). Calculate f(q).
3
Let p(t) = -t**3 - 2*t**2 - 1. Suppose -4*i - 1 - 3 = 0. Suppose 0 = 2*u - 4 - 0. Let q be u*(-12)/(-8)*i. Determine p(q).
8
Let h(k) = -k - 4. Let d be h(-12). Let y be 26/d - (-27)/36. Let b(l) = 2 - 1 + l - 5 + y*l**2 - 3*l**2. What is b(-4)?
8
Let w(j) = 4*j - 32. Let d be w(8). Suppose 7*u + 4 + 52 = d. Let a(v) = -v**3 - 8*v**2 - 5. Calculate a(u).
-5
Let m(s) be the first derivative of s**3/3 + 7*s**2 - 16*s + 348. Give m(-14).
-16
Let p(n) = 2*n - 8. Let w be p(6). Suppose 2*s - 6*s = -w*h - 8, -5*s = 4*h + 44. Let v(t) = 5*t - t**3 + 88*t**2 - 2*t - 93*t**2. Give v(h).
18
Suppose 21 = 58*h - 55*h. Let o(r) = 2*r**3 + 10*r**2 - r - 9. Let t(b) = -3*b**3 - 11*b**2 + 2*b + 9. Let v(x) = 4*o(x) + 3*t(x). Calculate v(h).
5
Let d(x) be the first derivative of -x**4/4 - 7*x**3/3 + 10*x**2 - x - 392. Give d(-9).
-19
Let x(p) = -p**2 - 18*p + 4. Let o be x(-18). Let n(k) = -k**3 + 6*k**2 - 7*k - 5. Let v be n(o). Let r(l) = -l**2 + l + 1. Determine r(v).
-1
Let f(y) be the second derivative of -3*y**5/20 - y**4/6 - 200*y - 1. What is f(-2)?
16
Let g(t) = -t**2 - 7*t + 4. Suppose 4*m - 37 = -2*b + 11, -3*m + 6 = 0. Let n = b - 26. Give g(n).
10
Let l(i) = 0*i + 7*i**2 + i + 2*i + i**3 - 8 + 3*i. Let n = 151 - 157. Give l(n).
-8
Let g(m) = 14*m**2 - 17*m - 65. Let n(j) = -5*j**2 + 5*j + 22. Let k(c) = -6*g(c) - 17*n(c). Calculate k(-16).
0
Suppose -27 = 6*a - 93. Suppose -a*r - 6 = -13*r. Let d(s) = -7*s - 1. Calculate d(r).
-22
Let k(u) = u**3 + 5*u**2 + 7*u + 4. Suppose -r = -5*c - 44 - 6, 3*c = -3*r - 48. Let i = 13 + c. Suppose -i*q - 2*q = -5*o + 11, 5*q = 5*o - 15. Calculate k(q).
-8
Suppose -2 + 1 = -3*t + 4*j, 4*j + 7 = 5*t. Suppose -3*k + 5*w + 0 = 4, k + t*w - 8 = 0. Let u(n) = 4*n - 3*n + 2*n - 7*n + n**k. Give u(3).
-3
Let b be (36/(-42))/((-5)/(-35)). Let x(n) = -4 - 3*n**3 - 7*n**2 - 8*n + 5*n**3 - 3*n**3. Determine x(b).
8
Let f be 262/16 - (-21)/(-56). Suppose 15*m - f*m + 3 = 0. Let s(z) be the first derivative of z**2 - 2*z - 2. What is s(m)?
4
Suppose 2*a = 3*z + a - 205, -4*a - 284 = -4*z. Suppose -64*d = -z*d. Let f(g) = -g**2 + g + 2. What is f(d)?
2
Suppose 6 - 18 = -2*l. Let y(q) = -5*q**2 + 8*q + 7. Let d(m) = m**2 - m - 1. Let o(s) = l*d(s) + y(s). Let k be o(-3). Let h(f) = f - 1. Calculate h(k).
3
Let u(w) = w**3 + 5*w**2 - 14*w + 5. Let a be u(-7). Let j(g) be the third derivative of g**6/120 - g**5/12 - g**4/12 + 5*g**3/6 - 9*g**2. Determine j(a).
-5
Let h(c) = c**3 - 10*c**2 + 13*c + 17. Let y be h(8). Let t(j) = j**2 + 10*j + 7. What is t(y)?
-14
Let t(r) = -2*r - 17 + 23 + 4*r + 2*r. Determine t(-2).
-2
Let k(r) be the second derivative of -r**3/3 + 3*r**2 + 50*r. Give k(-10).
26
Let r(d) be the first derivative of -3*d - 1 + 1/3*d**3 - 1/2*d**2. What is r(0)?
-3
Let l be -3 + 8 - 3/(-1). Suppose -3*c = -l + 17. Let f(r) = r**3 + 4*r**2 + 2*r - 4. Give f(c).
-1
Let u = 5 - -3. Let n be 1*(-4)/(u - 4). Let f(o) = -8*o**3 - 2*o**2 - 2*o - 1. What is f(n)?
7
Suppose 2 = -3*w - 2*d + 32, 3*w = d + 30. Let h = w - 9. Let y be -6*(h - (-4)/(-6)). Let n(f) = -4*f**2 - 2*f + 2. What is n(y)?
-10
Let b(y) = -4*y + 1. Suppose -3*d - 74 - 120 = -w, 3*d = -4*w + 821. Suppose -w*g = -199*g + 12. Give b(g).
13
Suppose -5*i + o + 15 = 0, o = -4*i + 4*o + 23. Let g(k) = 3*k + 4 - 4*k - 69*k**i + 63*k**2 - k**3. Give g(-6).
10
Let b(t) = -4*t**3 - 8*t**2 + 7*t - 7. Let x(q) = 7*q**3 + 15*q**2 - 14*q + 13. Let c(p) = 5*b(p) + 3*x(p). Calculate c(-6).
10
Let a(x) = -4*x**2 - x + 5*x**2 + 6 + 7*x. Let z(i) = -3*i - 22. Let u be z(-13). Let n = 12 - u. Determine a(n).
1
Let g be 22/6 + 2/(-3). Let y(q) = 22*q**3